)/(-4) - r)*-2. Let n(p) = -p**3 - 10*p**2 + 7*p - 12. Is n(m) a multiple of 16?
True
Let s be (2 - 6/1)*1. Is 26 a factor of 153/(-6)*s/3?
False
Suppose -5*b + 36 = 4*z, -2 + 38 = 4*z - 4*b. Let f = z + -15. Is (39/(-6))/(1/f) a multiple of 13?
True
Does 18 divide (594/(-55))/((-6)/20)?
True
Suppose 0 = -4*q + 4*k + 20, 0 = -q - 0*k + 3*k + 5. Suppose -q*y + j + 25 + 43 = 0, 0 = 3*y - j - 40. Is y a multiple of 9?
False
Let a(q) = 6*q - 9. Does 9 divide a(6)?
True
Suppose -4*l + 5*a + 306 = -0*a, 0 = a - 2. Is 27 a factor of l?
False
Let k(p) = p - 2. Let b be k(6). Suppose -d - 4*q = -20 - 18, -3*d - b*q + 82 = 0. Is d a multiple of 11?
True
Let g be 5/((-10)/(-4)) - 0. Let n(z) be the third derivative of z**5/10 + z**3/3 + 6*z**2. Is n(g) a multiple of 17?
False
Suppose 3*c - 61 = -178. Let o be 7/(c/18 - -2). Let d = -6 - o. Is d a multiple of 16?
False
Let l(i) = -2*i - 13. Does 9 divide l(-11)?
True
Let r(n) = -n**2 + 10*n - 9. Let b(c) = 8*c**3 - 2*c**2 + 2*c - 1. Let d be (-4)/(-6) - (-2)/6. Let u be b(d). Is r(u) a multiple of 12?
True
Suppose 0 = h + 4*n - 2*n - 234, 2*n = 2*h - 468. Is 13 a factor of h?
True
Let x = -28 - -10. Let n = 33 + x. Let k = -9 + n. Is k a multiple of 5?
False
Let m(r) = -r**3 - 2*r**2 + 7*r + 3. Is m(-5) a multiple of 9?
False
Suppose -o + 33 = -74. Does 50 divide o?
False
Let h = -25 + 80. Let f = h - 11. Is 11 a factor of f?
True
Let j = -12 + 29. Suppose -w - 4*k + j = 0, -5*w + 14 = 2*k + 1. Is -1*(1 - 14/w) a multiple of 13?
True
Suppose 3*l - 5*h - 19 = -6, -2*h = l + 3. Is -1 - 0 - (l - 27) a multiple of 5?
True
Is 12 a factor of (-82)/(-5) + 12/(-30)?
False
Suppose -2*f + 85 = 3*f. Suppose 3*p + 6 = 0, 5*s - 1 + f = -3*p. Is 2 a factor of s + 6 + (-2)/2?
False
Suppose -h = 4*v - 8, -3*h + 3*v + 5 = -h. Suppose 87 = -w + h*w. Is 11 a factor of w?
False
Let z = 14 + -10. Does 3 divide z?
False
Let c(i) = i**3 + 5*i**2 - 8*i - 9. Let q be c(-6). Suppose -q*f = -6*f + 135. Is f a multiple of 15?
True
Suppose -r - 2*r = 36. Is 14 a factor of 2 - (-3)/(r/(-160))?
True
Suppose -3*a + 3*v + 151 + 44 = 0, 4*a - v = 248. Is 9 a factor of a?
False
Suppose 6*s + 21 = 273. Is 10 a factor of s?
False
Let w be (16/12)/((-1)/(-3)). Suppose w*o + 10 - 193 = -5*v, -5*o = v - 24. Is 17 a factor of v?
False
Let u(s) = -2*s - 20. Let x be (-1)/((-1 - -3)/34). Is u(x) a multiple of 13?
False
Suppose 3*v = f - 15, -2*f = -8*v + 5*v - 18. Suppose 0 = f*h - h. Let b(a) = -a + 13. Is 7 a factor of b(h)?
False
Let f be -6*((-15)/(-9))/5. Does 8 divide f/6 + (-43)/(-3)?
False
Let c(n) = 4 - 3 + 7*n - 4. Let j(s) = s**3 + 3*s**2 - 2*s - 3. Let d be j(-3). Does 11 divide c(d)?
False
Let p = 224 - 126. Is 16 a factor of p?
False
Suppose 0 = -0*h + 4*h - 408. Suppose 0*p = -3*p + h. Is p a multiple of 13?
False
Suppose 0 = -2*q + 5*l - 46, 0 = -0*l + 4*l. Let c = 37 + q. Is c a multiple of 14?
True
Suppose 3*v = -10 - 2. Let k be 48/(-9)*24/(-16). Is 9 a factor of k/v - (-1 - 26)?
False
Is 15 a factor of (-1)/(-2)*(24 - -10)?
False
Suppose -5*n = -66 - 24. Does 6 divide n?
True
Let j = -5 + 8. Suppose -3*c + c + 104 = 2*b, 5*c = j*b + 228. Is 12 a factor of c?
True
Suppose 2*m - 94 - 184 = 0. Is 28 a factor of m?
False
Is 12/30 + 238/5 a multiple of 24?
True
Suppose i = -2*p + 28, 2*i + 2*i - 16 = 0. Does 6 divide p?
True
Let m(h) = -116*h - 72. Let s(i) = 21*i + 13. Let q(l) = 5*m(l) + 28*s(l). Is 22 a factor of q(5)?
True
Let u = 224 - 48. Is u a multiple of 44?
True
Suppose 2*q - 336 = h, 2*h + 28 = q - 140. Does 12 divide q?
True
Let w(u) = u**2 + 5*u. Does 3 divide w(-6)?
True
Suppose 3*b - 136 = 68. Is b a multiple of 17?
True
Does 5 divide -2 - 0 - (-20 - -3)?
True
Let x = -33 - -79. Is x a multiple of 6?
False
Let g be 6/4*-1*-18. Suppose 0 = 3*w + 129 + g. Does 13 divide w/(-3) + (-4)/(-6)?
False
Let b = 0 - -18. Is 10 a factor of b?
False
Let p(m) be the third derivative of m**6/120 - m**5/10 + 7*m**4/24 - m**3/2 + 2*m**2. Does 13 divide p(6)?
True
Let y(n) = -n**3 + n**2 - n - 24. Let l be y(0). Is 7 a factor of 3*(l/(-9) - 0)?
False
Let m = -4 - -4. Is 1 + (m + 0 - -1) a multiple of 2?
True
Let w(i) = i**3 - 3*i**2 + 3*i. Suppose 18 = -q - 4*f, 0*q - 5*f - 15 = 5*q. Let s be w(q). Suppose 5*a - 58 = 2*a + b, -s*b = 3*a - 46. Is a a multiple of 9?
True
Let r be ((-508)/(-8))/(2/4). Let i = -14 - -44. Suppose -3*p - 145 = -5*g + i, 4*g - 5*p = r. Is 19 a factor of g?
True
Let y(w) be the first derivative of 2*w**3/3 - w**2 + 2*w - 3. Is y(5) a multiple of 21?
True
Let x = 26 + 106. Suppose -6*b = -2*b - 16. Suppose b*k - x = -4*g, 3 = -k - 2. Is 10 a factor of g?
False
Let w = -79 + 205. Is 42 a factor of w?
True
Is 32/1*1/8*14 a multiple of 14?
True
Is 13 a factor of (-5 + -1)/3 - -29?
False
Suppose 0 = 2*s + 2*s - 20. Suppose -s*u - 120 = -9*u. Is 10 a factor of u?
True
Let j(c) = 7*c**2 + 19*c + 12. Does 16 divide j(-4)?
True
Let o(j) = 8*j. Let w be o(2). Let t = w + -10. Does 3 divide t?
True
Suppose 0*k - 24 = -4*k. Suppose 4*r + 8 = -0. Is 10 a factor of k*((0 - r) + 2)?
False
Suppose l + 3*n + 23 = 0, 4*n = 3*l + 3*n + 39. Let z be (-10)/4 - (-1)/2. Let x = z - l. Is x a multiple of 5?
False
Suppose -7 - 5 = -3*i. Suppose 0 = i*y - 8, -4*m - m = -3*y - 94. Does 5 divide m?
True
Let h(g) = -3*g - 4 - 1 + 14*g. Let u(r) = -4*r + 2. Let f(i) = -3*h(i) - 8*u(i). Is f(-5) a multiple of 4?
True
Suppose 8*n - 4*n = 28. Is n a multiple of 2?
False
Suppose -305 = -5*o - 4*y, 0 = 3*o - 4*y - 64 - 119. Is 33 a factor of o?
False
Suppose -3*s - 1 = -2*s. Let c = s - 0. Is 6 - 5 - (-21 + c) a multiple of 11?
False
Suppose -20 = -5*s - 0. Is s a multiple of 4?
True
Is 15 a factor of ((-17)/34)/((-2)/720)?
True
Let b = -3 + 14. Let j = b + -8. Suppose 0*u - j*u + 102 = 0. Does 12 divide u?
False
Does 5 divide 2/5*360/9?
False
Let i = -83 + 131. Suppose 3*l - l - i = 0. Is 16 a factor of l?
False
Let a(h) = 3*h + 1. Let l be a(1). Let s(p) = -p**3 + 4*p**2 - 2*p - 1. Let i be s(2). Suppose 0 = -l*u + i*u + 3. Is u a multiple of 2?
False
Let u(p) = p**3 + p**2 + p + 27. Let o be 0*(-5 - -3 - -1). Is u(o) a multiple of 8?
False
Let y(d) = -d**3 - 6*d**2 + 9*d + 6. Let k be y(-7). Let z = 4 + k. Let s(i) = -4*i - 4. Does 6 divide s(z)?
True
Let r = 48 - 29. Is r a multiple of 6?
False
Let u(z) = -z**3 + 8*z**2 - 9*z. Let g be u(6). Suppose -4*b + 4*a + 160 = 0, -5*a + 8 = b - 2. Let c = b - g. Is c a multiple of 11?
False
Suppose -4*b = 2*d + 30, -b - b + 37 = -3*d. Let z = 35 + d. Is 8 a factor of z?
False
Suppose -4*l - i + 127 = 0, -6*l + 104 = -3*l - i. Is 14 a factor of l?
False
Let u = 75 + -29. Let h = -5 + u. Is 13 a factor of h?
False
Suppose 13*r - 12*r = 45. Is r a multiple of 4?
False
Let s be (0 - -1)/(3/(-51)). Suppose -l - 17 = -4*o + 7, -l = -o + 9. Let x = l - s. Is x a multiple of 11?
False
Is 8 a factor of (12/8)/1*112/3?
True
Let n = -4 - -6. Suppose 0 = -2*k - 3*a + 14, -n*k = -k - 3*a - 7. Does 5 divide k?
False
Let f(j) = j**3 + j - 2*j**2 + 3*j**2 + j**2. Let n(v) = -v**3 - 10*v**2 - 10*v - 7. Let s be n(-9). Does 9 divide f(s)?
True
Let s be 25/(-9) + (-2)/9. Let g = -106 + 180. Does 11 divide s/(-3)*g/2?
False
Suppose -5*n = -2*l + 24, -2*l + 4*n = -0*n - 20. Suppose l*z + z = 36. Let t = z + -8. Does 3 divide t?
False
Suppose -5*c - 52 = -6*c. Suppose -2*u + z + 74 = 0, 4*u - 96 = 4*z + c. Is u a multiple of 8?
False
Let u be (-156)/(-7) + (-10)/35. Let o = u - 12. Does 10 divide 4/(2 - 16/o)?
True
Suppose 3*p + 2*p + 4*v = 198, 108 = 3*p - 3*v. Does 8 divide p?
False
Let k(p) be the third derivative of 11*p**6/120 + p**5/60 - p**4/24 - p**3/6 - 3*p**2. Let t be k(-1). Is 9 a factor of ((-72)/20)/(2/t)?
True
Suppose z + 3*k - 31 = 0, z - 12 = -z + 4*k. Does 4 divide z?
True
Let r be (-63)/14*(-2)/3. Suppose -77 = -r*m + 58. Suppose -m = -d - 2*l, 3*d + 0*l = -5*l + 130. Is d a multiple of 13?
False
Let j(q) = -q**3 + q + 27. Let d be j(0). Suppose 3*k = -0*k + d. Is k a multiple of 3?
True
Suppose -4*k = -2*m, -5*k - m + 26 = 3*m. Suppose -i + j = 3*i - 43, 5*j + 17 = k*i. Is 9 a factor of i?
False
Suppose 0 = 2*i - 5*n + 2 - 1, 0 = 5*i + n - 38. Let b(d) = 6 - 2 + 1 + 5*d. Is 16 a factor of b(i)?
False
Suppose 6*w + 4*n - 3 = 3*w, 5*n - 24 = 3*w. Let r be 4/6*w + 2. Suppose -2*s + 42 + 26 = r. Is 1